{"id":1856,"date":"2015-06-18T19:29:36","date_gmt":"2015-06-18T13:29:36","guid":{"rendered":"http:\/\/stephanroiss.at\/?page_id=1856"},"modified":"2024-08-12T08:34:06","modified_gmt":"2024-08-12T08:34:06","slug":"horspiel","status":"publish","type":"page","link":"https:\/\/stephanroiss.at\/?page_id=1856","title":{"rendered":"H\u00f6rspiel"},"content":{"rendered":"\n<div class=\"wp-block-columns alignwide is-layout-flex wp-container-core-columns-is-layout-28f84493 wp-block-columns-is-layout-flex\">\n<div class=\"wp-block-column is-layout-flow wp-block-column-is-layout-flow\">\n<div class=\"wp-block-group has-global-padding is-layout-constrained wp-block-group-is-layout-constrained\">\n<p><em><br><\/em> Ausstrahlungen auf Deutschlandradio Kultur, SWR, MDR figaro &amp; zahlreichen freien Radios<\/p>\n\n\n\n<p>Gewinn Leipziger H\u00f6rspielsommer (Internationaler H\u00f6rspielwettbewerb) 2015 &amp; 2017<br>\n2.Platz Berliner H\u00f6rspielfestival (Kurzh\u00f6rspiel) 2016<br>\n3.Platz H\u00f6rspielinsel Chemnitz (Langh\u00f6rspiel) 2017<\/p>\n\n\n\n<p>Texte f\u00fcr H\u00f6rspiele in begehbaren Erz\u00e4hlungen \/ Ausstellungen von <a href=\"https:\/\/timesup.org\/\" target=\"blank\" rel=\"noopener\">Time&#8217;s Up<\/a> (Turnton Docklands, Lentos\/Linz, 2017; Change Was Our Only Chance, AIL\/Wien, 2019, H\u00f6henrausch Linz 2020, Live-H\u00f6rspiel 2024)<\/p>\n\n\n\n<p>Textgrundlage f\u00fcr H\u00f6rspiel im \u00f6ffentlichen Raum &#8211; Communale 2024<br> <em><br><br><\/em><br> <\/p>\n<\/div>\n<\/div>\n\n\n\n<div class=\"wp-block-column is-layout-flow wp-block-column-is-layout-flow\">\n<figure class=\"wp-block-image alignright is-resized\"><a href=\"https:\/\/stephanroiss.at\/wp-content\/uploads\/2010\/02\/DSC_06702.jpg\"><img loading=\"lazy\" decoding=\"async\" width=\"1024\" height=\"682\" src=\"https:\/\/stephanroiss.at\/wp-content\/uploads\/2010\/02\/DSC_06702-1024x682.jpg\" alt=\"\" class=\"wp-image-1293\" style=\"width:616px;height:auto\" title=\"Stephan Roiss (Foto: Petra Moser)\" srcset=\"https:\/\/stephanroiss.at\/wp-content\/uploads\/2010\/02\/DSC_06702-1024x682.jpg 1024w, https:\/\/stephanroiss.at\/wp-content\/uploads\/2010\/02\/DSC_06702-300x200.jpg 300w\" sizes=\"auto, (max-width: 1024px) 100vw, 1024px\" \/><\/a><figcaption class=\"wp-element-caption\"><em>Foto: Petra Moser<\/em><\/figcaption><\/figure>\n<\/div>\n<\/div>\n\n\n\n<div style=\"height:100px\" aria-hidden=\"true\" class=\"wp-block-spacer\"><\/div>\n\n\n\n<h2 class=\"wp-block-heading alignwide has-text-align-center\">Langh\u00f6rspiele (&gt;20min)<\/h2>\n\n\n\n<div style=\"height:100px\" aria-hidden=\"true\" class=\"wp-block-spacer\"><\/div>\n\n\n\n<div class=\"wp-block-group alignwide is-layout-flow wp-block-group-is-layout-flow\">\n<h3 class=\"wp-block-heading has-text-align-center\">Vorerst niemals Chicago<\/h3>\n\n\n\n<div class=\"wp-block-columns is-layout-flex wp-container-core-columns-is-layout-28f84493 wp-block-columns-is-layout-flex\">\n<div class=\"wp-block-column is-layout-flow wp-block-column-is-layout-flow\">\n<blockquote class=\"wp-block-quote is-layout-flow wp-block-quote-is-layout-flow\">\n<p class=\"has-medium-font-size\">Die Geschichte einer merkw\u00fcrdigen Freundschaft. Er vereinbart mit sich und ihm, dass Chicago erst aufgesucht werden darf, wenn einer von beiden ums Leben kommt. Ungleichzeitige M\u00f6glichkeitsformen des Subjekts sprechen \u00fcber- und miteinander und suchen dabei Wahrheiten, mit denen sie leben k\u00f6nnen. In Linz, Berlin, sich selbst und dem Anderen.<\/p>\n<\/blockquote>\n<\/div>\n\n\n\n<div class=\"wp-block-column is-layout-flow wp-block-column-is-layout-flow\">\n<p>Text\/Stimme, Field Recordings aus Linz und Berlin, Schnitt: Stephan Roiss<br>Musik: Tortoma (Dirk Borho, Heiko Ruth, Markus Theisen)<br>Mix: Mario Stadler<br>zus\u00e4tzliche Stimmen: Silke M\u00fcller, Mario Stadler, Markus Theisen<\/p>\n\n\n\n<p>L\u00e4nge: 40&#8217;41&#8221;<br>Produktionszeitraum: 2016<\/p>\n\n\n\n<p>Gef\u00f6rdert durch LinzEXPOrt<\/p>\n\n\n\n<p>Auszeichnungen: Leipziger H\u00f6rspielsommer &#8211; &#8220;Meilleure blague philosophique&#8221; (2017), 3. Platz H\u00f6rspielinsel Chemnitz (2017)<br>Festivalteilnahmen: Leipziger H\u00f6rspielsommer (2017), Berliner H\u00f6rspielfestival (2017), H\u00f6rspielfestival Wittenberg (2017), H\u00f6rspielinsel Chemnitz (2017)<br>Ausstrahlungen: MDR, detektor.fm (Leipzig), Radio FRO (Linz), Pi Radio (Berlin)<\/p>\n\n\n\n<p><br><a href=\"https:\/\/stephanroiss.bandcamp.com\/track\/vorerst-niemals-chicago-2\" target=\"blank\" rel=\"noopener\">Link zum H\u00f6rst\u00fcck<\/a><\/p>\n<\/div>\n<\/div>\n<\/div>\n\n\n\n<div style=\"height:100px\" aria-hidden=\"true\" class=\"wp-block-spacer\"><\/div>\n\n\n\n<div class=\"wp-block-group alignwide is-layout-flow wp-block-group-is-layout-flow\">\n<h3 class=\"wp-block-heading has-text-align-center\">MAD-MEX<\/h3>\n\n\n\n<div class=\"wp-block-columns is-layout-flex wp-container-core-columns-is-layout-28f84493 wp-block-columns-is-layout-flex\">\n<div class=\"wp-block-column is-layout-flow wp-block-column-is-layout-flow\">\n<blockquote class=\"wp-block-quote is-layout-flow wp-block-quote-is-layout-flow\">\n<p class=\"has-medium-font-size\">Jurybegr\u00fcndung Leipziger H\u00f6rspielsommer:<\/p>\n\n\n\n<p class=\"has-medium-font-size\">&#8220;Der \u00f6sterreichische Autor und H\u00f6rspielmacher Stephan Roiss wei\u00df: Wir begreifen Fremdes nie au\u00dferhalb des Kontextes der Kultur, die uns gepr\u00e4gt hat. Wenn wir uns in der Fremde bewegen, bricht der Eindruck des Neuen am Vorwissen und an der Haltung des Reisenden, die er unweigerlich mit im Gep\u00e4ck hat.<\/p>\n\n\n\n<p class=\"has-medium-font-size\">Das H\u00f6rst\u00fcck Mad-Mex ist in diesem Erlebnisraum einer Reise ins bekannte-unbekannte Mexiko angesiedelt. Die kluge Montage aus poetischem Reisebericht, Originalt\u00f6nen und rhythmisch-dynamischer Musik tr\u00e4gt den Charakter eines sich entfaltenden Road-Trips inhaltlich stark mit. Stephan Roiss versteht es in diesem H\u00f6rspiel, sprachlich und klanglich Bilder, Situationen und Landschaften zu erzeugen und den H\u00f6rer dramaturgisch bis zum Schluss zu bannen. Der H\u00f6rer wird Teil des &#8220;Wir&#8221;, das sich in Beobachtung und Wahrnehmung dem fremden Land, seinen Menschen, seinem Klima, seiner Kultur und Natur ann\u00e4hert. Das St\u00fcck spielt dabei mit Klischees, harter Realit\u00e4t und vor allem sensibler Beobachtung in der Fremde.<\/p>\n\n\n\n<p class=\"has-medium-font-size\">Die Musik beschleunigt das Tempo \u2013 Stimme, Bericht und O-T\u00f6ne nehmen es wieder heraus und fokussieren die Wahrnehmung des H\u00f6rers auf die Eindr\u00fccke und Erlebnisse der Reisenden. Die Dramaturgie des St\u00fcckes l\u00e4sst dem H\u00f6rer Zeit, den Stationen der Mexiko-Reise nachzusp\u00fcren: H\u00f6r-Zeit, um Bilder entstehen, vorbeiziehen und verblassen zu lassen \u2013 dennoch h\u00e4lt das St\u00fcck seine Spannung bis zur letzten Station am abendlichen Strand. Mad-Mex ist auch ein Spiel mit Sprechen, Fremdsprachen (&#8220;Wir sind der spanischen Sprache ohnm\u00e4chtig.&#8221;) und Aussprache(versuchen); ein besonderer Reiz liegt dabei in der Differenz zwischen der Stimme des Autors und dem Sound, der Sprache und Kultur des fremden Landes.<\/p>\n\n\n\n<p class=\"has-medium-font-size\">\u201eEin Mexiko\u201c, wie Stephan Roiss knapp als St\u00fcckbeschreibung formuliert, ist ein zugleich magischer wie aufschlussreicher Ort. Wir als H\u00f6rer k\u00f6nnen dann wie das sprechende Ich sagen: \u201eWir trauen unseren Augen. [Denn] wir haben davon geh\u00f6rt.\u201c<\/p>\n\n\n\n<p class=\"has-medium-font-size\">Wir zeichnen das St\u00fcck Mad-Mex mit dem Preis f\u00fcr das \u201ebeste Klangbild\u201c beim 13. Internationalen H\u00f6rspielwettbewerb des Leipziger H\u00f6rspielsommers 2015 aus.&#8221;<\/p>\n<\/blockquote>\n<\/div>\n\n\n\n<div class=\"wp-block-column is-layout-flow wp-block-column-is-layout-flow\">\n<p>Text\/Stimme, Field Recordings aus Mexiko, Musik (Mitschnitt einer Live-Improvisation von Manuel Mitterhuber, Christoph Stadler und Stephan Roiss).<\/p>\n\n\n\n<p>L\u00e4nge: 30&#8217;59&#8221;<br>Produktionszeitraum: 2014-2015<\/p>\n\n\n\n<p>Gef\u00f6rdert durch LinzEXPOrt<\/p>\n\n\n\n<p>Auszeichnung: Leipziger H\u00f6rspielsommer &#8211; &#8220;Bestes Klangbild&#8221; (2015)<br> Festivalteilnahmen: Leipziger H\u00f6rspielsommer (2015), Folk&#8217;n&#8217;Fusion (Hildesheim, 2015), sonOhr (Bern, 2016), it&#8217;s a.live radio \/ HZT Festival (Berlin, 2016)<br> Ausstrahlungen: SWR, MDR figaro, detektor.fm (Leipzig), Radio Blau (Leipzig), Radio FRO (Linz)<\/p>\n\n\n\n<p><br><a href=\"https:\/\/stephanroiss.bandcamp.com\/track\/vorerst-niemals-chicago-2\" target=\"blank\" rel=\"noopener\"><\/a><a href=\"https:\/\/stephanroiss.bandcamp.com\/album\/mad-mex\" target=\"blank\" rel=\"noopener\">Link zum H\u00f6rst\u00fcck<\/a><\/p>\n<\/div>\n<\/div>\n<\/div>\n\n\n\n<div style=\"height:100px\" aria-hidden=\"true\" class=\"wp-block-spacer\"><\/div>\n\n\n\n<div class=\"wp-block-group alignwide is-layout-flow wp-block-group-is-layout-flow\">\n<h3 class=\"wp-block-heading has-text-align-center\">Februar.Null<\/h3>\n\n\n\n<div class=\"wp-block-columns is-layout-flex wp-container-core-columns-is-layout-28f84493 wp-block-columns-is-layout-flex\">\n<div class=\"wp-block-column is-layout-flow wp-block-column-is-layout-flow\">\n<blockquote class=\"wp-block-quote is-layout-flow wp-block-quote-is-layout-flow\">\n<p class=\"has-medium-font-size\">Nicht gesichert, ob apokalyoptische Sci-Fi-Dystopie oder Psychogramm eines Drogenopfers.<\/p>\n<\/blockquote>\n<\/div>\n\n\n\n<div class=\"wp-block-column is-layout-flow wp-block-column-is-layout-flow\">\n<p>Ein H\u00f6rst\u00fcck von Fang den Berg. Text\/Stimme: Stephan Roiss; Musik: Manuel Mitterhuber, Christoph Stadler, Mario Stadler.<\/p>\n\n\n\n<p>L\u00e4nge: 40&#8217;39&#8221;<br>Produktionszeitraum: 2009-2016<\/p>\n\n\n\n<p>Erstauff\u00fchrung mit Live-Musik-Performance im Rahmen des Festivals der Regionen (Linz) 2009<br>Festivalteilnahmen: Festival der Regionen (2009), Leipziger H\u00f6rspielsommer (2016), it&#8217;s a.live radio \/ HZT Festival (Berlin, 2016)<br>Ausstrahlungen: Radio FRO (Linz), Radio T (Chemnitz), FSK (Hamburg)<\/p>\n\n\n\n<p>2016 Filmversion (Regie von Florian Hackl \/ Schnitt: Michael Wirthig)<\/p>\n\n\n\n<p><a href=\"https:\/\/www.youtube.com\/watch?v=gUKeWBqkYaA\" data-type=\"link\" data-id=\"https:\/\/www.youtube.com\/watch?v=gUKeWBqkYaA\" target=\"_blank\" rel=\"noreferrer noopener\">Link zum H\u00f6rst\u00fcck (Filmversion)<\/a><\/p>\n<\/div>\n<\/div>\n<\/div>\n\n\n\n<p><em><br><\/em><br> <em><br><\/em><\/p>\n\n\n\n<h2 class=\"wp-block-heading\">Kurzh\u00f6rspiele (&lt;20min) <\/h2>\n\n\n\n<div style=\"height:100px\" aria-hidden=\"true\" class=\"wp-block-spacer\"><\/div>\n\n\n\n<div class=\"wp-block-group alignwide is-layout-flow wp-block-group-is-layout-flow\">\n<h3 class=\"wp-block-heading has-text-align-center\">Gesammelte Fl\u00f6ten. Ein Verh\u00f6r<\/h3>\n\n\n\n<div class=\"wp-block-columns is-layout-flex wp-container-core-columns-is-layout-28f84493 wp-block-columns-is-layout-flex\">\n<div class=\"wp-block-column is-layout-flow wp-block-column-is-layout-flow\">\n<blockquote class=\"wp-block-quote is-layout-flow wp-block-quote-is-layout-flow\">\n<p class=\"has-medium-font-size\">Werner Kofler wird verh\u00f6rt. Groteske und Gewitter. Ode an den Overload.<\/p>\n<\/blockquote>\n<\/div>\n\n\n\n<div class=\"wp-block-column is-layout-flow wp-block-column-is-layout-flow\">\n<p>Text\/Textcollage\/Schnitt\/Stimme: Stephan Roiss. Weitere Stimmen: Paul Hofmann &amp; Jessica Leinen. Musik: Sara Zlanabitnig &amp; Richie Herbst. Recording &amp; Mix: Mario Stadler (Goon Studios). Material Textcollage: Prosatexte Werner Koflers.<\/p>\n\n\n\n<p>L\u00e4nge: 16&#8217;48&#8221;<br>Produktionszeitraum: 2022-2023<\/p>\n\n\n\n<p>Ausstrahlungen: Radio FRO (Linz), Radio Agora (Klagenfurt)<\/p>\n\n\n\n<p><a href=\"https:\/\/stephanroiss.bandcamp.com\/album\/gesammelte-fl-ten-ein-verh-r\" data-type=\"link\" data-id=\"https:\/\/stephanroiss.bandcamp.com\/album\/gesammelte-fl-ten-ein-verh-r\" target=\"_blank\" rel=\"noreferrer noopener\">Link zum H\u00f6rst\u00fcck<\/a><\/p>\n<\/div>\n<\/div>\n<\/div>\n\n\n\n<div style=\"height:100px\" aria-hidden=\"true\" class=\"wp-block-spacer\"><\/div>\n\n\n\n<div class=\"wp-block-group alignwide is-layout-flow wp-block-group-is-layout-flow\">\n<h3 class=\"wp-block-heading has-text-align-center\">war einmal im G\u00e4ngeviertel<\/h3>\n\n\n\n<div class=\"wp-block-columns is-layout-flex wp-container-core-columns-is-layout-28f84493 wp-block-columns-is-layout-flex\">\n<div class=\"wp-block-column is-layout-flow wp-block-column-is-layout-flow\">\n<blockquote class=\"wp-block-quote is-layout-flow wp-block-quote-is-layout-flow\">\n<p class=\"has-medium-font-size\">E\/S hat die Zeit \u00fcbersehen. Den Ort vergisst E\/S nicht.<\/p>\n<\/blockquote>\n<\/div>\n\n\n\n<div class=\"wp-block-column is-layout-flow wp-block-column-is-layout-flow\">\n<p>Text\/Erz\u00e4hlstimme\/Field Recordings: Stephan Roiss. Musik: Claus Harringer<\/p>\n\n\n\n<p>L\u00e4nge: 16&#8217;29&#8221;<br>Produktionszeitraum: 2016<\/p>\n\n\n\n<p>Ausstrahlungen: FSK (Hamburg), Radio FRO (Linz)<\/p>\n<\/div>\n<\/div>\n<\/div>\n\n\n\n<div style=\"height:100px\" aria-hidden=\"true\" class=\"wp-block-spacer\"><\/div>\n\n\n\n<div class=\"wp-block-group alignwide is-layout-flow wp-block-group-is-layout-flow\">\n<h3 class=\"wp-block-heading has-text-align-center\">Verstecken mit Ausschlag<\/h3>\n\n\n\n<div class=\"wp-block-columns is-layout-flex wp-container-core-columns-is-layout-28f84493 wp-block-columns-is-layout-flex\">\n<div class=\"wp-block-column is-layout-flow wp-block-column-is-layout-flow\">\n<blockquote class=\"wp-block-quote is-layout-flow wp-block-quote-is-layout-flow\">\n<p class=\"has-medium-font-size\">Ahn, Zwahn, Drahn, &#8230;<\/p>\n<\/blockquote>\n<\/div>\n\n\n\n<div class=\"wp-block-column is-layout-flow wp-block-column-is-layout-flow\">\n<p>Text\/Field Recordings: Stephan Roiss. Stimmen: Stephan Roiss, Oliver Jagosch<\/p>\n\n\n\n<p>L\u00e4nge: 2&#8217;11&#8221;<br>Produktionszeitraum: 2016<\/p>\n\n\n\n<p>Festivalteilnahme: it&#8217;s a.live radio \/ HZT Festival (Berlin, 2016)<br>Ausstrahlung: Radio FRO (Linz)<\/p>\n<\/div>\n<\/div>\n<\/div>\n\n\n\n<div style=\"height:100px\" aria-hidden=\"true\" class=\"wp-block-spacer\"><\/div>\n\n\n\n<div class=\"wp-block-group alignwide is-layout-flow wp-block-group-is-layout-flow\">\n<h3 class=\"wp-block-heading has-text-align-center\">Flammenko<\/h3>\n\n\n\n<div class=\"wp-block-columns is-layout-flex wp-container-core-columns-is-layout-28f84493 wp-block-columns-is-layout-flex\">\n<div class=\"wp-block-column is-layout-flow wp-block-column-is-layout-flow\">\n<blockquote class=\"wp-block-quote is-layout-flow wp-block-quote-is-layout-flow\">\n<p class=\"has-medium-font-size\">Der Brandstifter bleibt unversehrt.<\/p>\n<\/blockquote>\n<\/div>\n\n\n\n<div class=\"wp-block-column is-layout-flow wp-block-column-is-layout-flow\">\n<p>Stimme\/Field Recordings: Stephan Roiss. Musik: Mario Stadler. Text: Headline taz (1.4.2016).<\/p>\n\n\n\n<p>L\u00e4nge: 0&#8217;54&#8221;<br>Produktionszeitraum: 2016<\/p>\n\n\n\n<p>Festivalteilnahme: Berliner H\u00f6rspielfestival (2016)<br>Ausstrahlung: Radio FRO (Linz)<\/p>\n<\/div>\n<\/div>\n<\/div>\n\n\n\n<div style=\"height:100px\" aria-hidden=\"true\" class=\"wp-block-spacer\"><\/div>\n\n\n\n<div class=\"wp-block-group alignwide is-layout-flow wp-block-group-is-layout-flow\">\n<h3 class=\"wp-block-heading has-text-align-center\">s\/t<\/h3>\n\n\n\n<div class=\"wp-block-columns is-layout-flex wp-container-core-columns-is-layout-28f84493 wp-block-columns-is-layout-flex\">\n<div class=\"wp-block-column is-layout-flow wp-block-column-is-layout-flow\">\n<blockquote class=\"wp-block-quote is-layout-flow wp-block-quote-is-layout-flow\">\n<p class=\"has-medium-font-size\">Alles meins.<\/p>\n<\/blockquote>\n<\/div>\n\n\n\n<div class=\"wp-block-column is-layout-flow wp-block-column-is-layout-flow\">\n<p>Text\/Stimme\/Field Recordings: Stephan Roiss. Musik: Sara &#8220;Stephan Roiss&#8221; Zlanabitnig<\/p>\n\n\n\n<p>L\u00e4nge: 3&#8217;15&#8221;<br>Produktionszeitraum: 2015<\/p>\n\n\n\n<p>Urauff\u00fchrung und Auszeichnung (2. Platz Kategorie Kurzh\u00f6rspiel \u2013 \u201cDas gl\u00fchende Knopfmikro\u201d) im Rahmen des Berliner H\u00f6rspielfestivals, 2016<br>Festivalteilnahmen: Berliner H\u00f6rspielfestival (2016), it&#8217;s a.live radio \/ HZT Festival (Berlin, 2016), Freifeld &gt;&gt; Jurten (Oldenburg, 2016)<br>Ausstrahlungen: Deutschlandradio Kultur, Radio FRO (Linz)<\/p>\n<\/div>\n<\/div>\n<\/div>\n","protected":false},"excerpt":{"rendered":"<p>Ausstrahlungen auf Deutschlandradio Kultur, SWR, MDR figaro &amp; zahlreichen freien Radios Gewinn Leipziger H\u00f6rspielsommer (Internationaler H\u00f6rspielwettbewerb) 2015 &amp; 2017 2.Platz Berliner H\u00f6rspielfestival (Kurzh\u00f6rspiel) 2016 3.Platz H\u00f6rspielinsel Chemnitz (Langh\u00f6rspiel) 2017 Texte f\u00fcr H\u00f6rspiele in begehbaren Erz\u00e4hlungen \/ Ausstellungen von Time&#8217;s Up (Turnton Docklands, Lentos\/Linz, 2017; Change Was Our Only Chance, AIL\/Wien, 2019, H\u00f6henrausch Linz 2020, Live-H\u00f6rspiel [&hellip;]<\/p>\n","protected":false},"author":2,"featured_media":0,"parent":13,"menu_order":2,"comment_status":"open","ping_status":"open","template":"","meta":{"footnotes":""},"class_list":["post-1856","page","type-page","status-publish","hentry"],"_links":{"self":[{"href":"https:\/\/stephanroiss.at\/index.php?rest_route=\/wp\/v2\/pages\/1856","targetHints":{"allow":["GET"]}}],"collection":[{"href":"https:\/\/stephanroiss.at\/index.php?rest_route=\/wp\/v2\/pages"}],"about":[{"href":"https:\/\/stephanroiss.at\/index.php?rest_route=\/wp\/v2\/types\/page"}],"author":[{"embeddable":true,"href":"https:\/\/stephanroiss.at\/index.php?rest_route=\/wp\/v2\/users\/2"}],"replies":[{"embeddable":true,"href":"https:\/\/stephanroiss.at\/index.php?rest_route=%2Fwp%2Fv2%2Fcomments&post=1856"}],"version-history":[{"count":94,"href":"https:\/\/stephanroiss.at\/index.php?rest_route=\/wp\/v2\/pages\/1856\/revisions"}],"predecessor-version":[{"id":3742,"href":"https:\/\/stephanroiss.at\/index.php?rest_route=\/wp\/v2\/pages\/1856\/revisions\/3742"}],"up":[{"embeddable":true,"href":"https:\/\/stephanroiss.at\/index.php?rest_route=\/wp\/v2\/pages\/13"}],"wp:attachment":[{"href":"https:\/\/stephanroiss.at\/index.php?rest_route=%2Fwp%2Fv2%2Fmedia&parent=1856"}],"curies":[{"name":"wp","href":"https:\/\/api.w.org\/{rel}","templated":true}]}}